 = -3*c + 15. Suppose 5*w - 7*y = -5*y + 15, c*w - 4*y = 12. Suppose -12 = -w*x - x. List the prime factors of x.
3
Let c = 6 - 5. Let i(d) = 15*d**2 - d. List the prime factors of i(c).
2, 7
Let p(b) = b**2 + 4*b - 2. Let q be p(-5). Suppose -10 = -c + 5*s, c + q*s + 1 - 3 = 0. What are the prime factors of c?
5
Let f be (-42)/(1/(-2)*1). Suppose -24*t + f = -22*t. What are the prime factors of t?
2, 3, 7
Suppose -5*h - 2 = 2*b, -b + 4 = 2*b + 4*h. List the prime factors of b.
2
List the prime factors of 441/153 - (-2)/17.
3
Let h = -14 + 8. Let v be 2*3*(-3)/6. Let w = v - h. What are the prime factors of w?
3
Let t be (0/(-5))/(2/(-2)). Suppose t = -6*r + r + 85. List the prime factors of r.
17
Suppose -12*q + 7*q + 410 = 0. What are the prime factors of (-6)/4*q/(-3)?
41
Let f be (-2)/(1 + (-9)/3). What are the prime factors of (f - 0)/(1/17)?
17
Let n(t) = t**3 - 7*t**2 + 2*t + 1. Let x be n(7). Let l = -8 + x. Suppose -l*c = -2*c - 45. List the prime factors of c.
3
Suppose 0 = -6*r + 3*r + 12. Suppose -4*k - 11 = -3*i + 3, 2*k = r*i - 12. Suppose 4*o = -5*p + 44, -3*o - 4*p = -i*o - 11. What are the prime factors of o?
11
Let b(d) = -8*d**3 + d**2 - d. Let s be b(1). Let z = s + 11. Suppose -3*y - 24 = -3*f, -z*f = 2*y - 15 - 19. What are the prime factors of f?
2, 5
Let q(y) = 23*y - 5. List the prime factors of q(3).
2
Let g be 1/(-3 - (-156)/51). Suppose -u + g + 0 = 0. List the prime factors of u.
17
Let n(b) = b**3 - 3*b**2 - 2*b - 5. Let h be n(4). Suppose -1 = h*y + 8. What are the prime factors of (-10)/(-3) + y/9?
3
Let y(k) = k**2 + 5*k - 4. Let x = -17 + 10. Let c be y(x). Suppose -z + c = -4. What are the prime factors of z?
2, 7
Suppose -i - 4 = -2*i. Suppose i = 3*b + 2*k, -k + 0 = 5*b + 5. What are the prime factors of -1 - (b + -10*1)?
11
Suppose 2*i - 3*l - 56 = 54, -3*i = -l - 151. List the prime factors of i.
7
Suppose -2*x + 2*f + 42 = 2*x, 2*x = 3*f + 31. Suppose 0 = -c + 2*c - x. Suppose 2*i - i = c. List the prime factors of i.
2
Suppose 0 = -4*k + 5 - 1. Let y(g) = 2*g**2 - 7*g + 2. Let o be y(5). Suppose p + k = o. List the prime factors of p.
2
Suppose -23 + 103 = 5*t. List the prime factors of t.
2
Let r = -4 - -6. Suppose 0 = r*p - i + 5, -4*p + p = -2*i + 8. What are the prime factors of 0 - 0 - -1 - p?
3
What are the prime factors of 147/24 - (-2)/(-16)?
2, 3
Suppose 4*a + 8 = 5*f, -a - 4*f = 2*a + 6. List the prime factors of (2 - 4)*51/a.
3, 17
Suppose 12 = 2*w - 24. List the prime factors of w.
2, 3
Let f(q) = -q**2 - 9*q - 6. List the prime factors of f(-6).
2, 3
Suppose -9*u + 4*u + 620 = 0. List the prime factors of u.
2, 31
Let k = 26 - 9. Let t = k - 10. List the prime factors of t.
7
Suppose 0*g - 5*g + 75 = 0. What are the prime factors of 10/g - (-98)/6?
17
Let j(g) = -g - 1. Let h be j(-4). Let o(d) = d**2 + 8*d + 4. Let z be o(-10). Suppose 3*k - 3*f - z = f, -21 = -h*k + 3*f. What are the prime factors of k?
2
Let d = -4 + -4. Let f = -6 - d. Suppose -n + l + 11 = f*n, -3*l = 2*n + 11. What are the prime factors of n?
2
Let t be (-7 + 3)*(-3)/6. Suppose u + 0*u - 11 = -l, t*l - u = 19. What are the prime factors of l?
2, 5
List the prime factors of (-25476)/(-297) - (-4)/18.
2, 43
Suppose 0 = u + u + 4. Let h(b) = -3*b - 2. Let x be h(u). Suppose 3*r - 21 = -x*v, 4*r - 13 = -v + 2. What are the prime factors of r?
3
Suppose 4*v = 76 + 68. What are the prime factors of v?
2, 3
Suppose 0*s = 4*s + 4*v - 60, -s + 3*v = 1. Let g = -21 + s. What are the prime factors of (-10)/4*g/5?
5
Let h = -10 - -5. Let w be (1/2)/(h/(-50)). Suppose 3*y - 26 + w = 0. What are the prime factors of y?
7
Suppose 2*l = 1 + 35. List the prime factors of l.
2, 3
Let i(q) = 3*q + 1. Let s be i(4). Let c = s - 5. List the prime factors of c.
2
List the prime factors of 2 - (-8)/((-36)/(-16) - 2).
2, 17
Let i = 1 + -2. Let x = 1 - i. What are the prime factors of (x/5)/(2/30)?
2, 3
Let d = 75 - -2. List the prime factors of d.
7, 11
Let j = 425 - 128. What are the prime factors of j?
3, 11
Suppose -2*z = 5*t - 46, -5*t = -z - z - 34. Let v(y) = 3*y - 5. Let h(s) = -s. Let a(w) = 2*h(w) + v(w). List the prime factors of a(t).
3
Let g(r) be the second derivative of r**3/3 + r**2 + r. Let x be g(2). Let m = 0 + x. What are the prime factors of m?
2, 3
Suppose -p = 4*j - 166, -j = -3*p + 384 + 62. List the prime factors of p.
2, 3, 5
Suppose 5*v - 3*l + 2*l = 1536, 0 = 2*l - 8. List the prime factors of v.
2, 7, 11
Let m be 0*(-3)/(0 - 3). Suppose m*k - k = -i, 2*i + 6 = 0. List the prime factors of (5/k - -2)*27.
3
Let q = 5 - -6. List the prime factors of q.
11
Let b(g) = -10 + 9 + g + 0*g - 3*g. Suppose 2*s - j - 4*j + 25 = 0, 3*s = -5*j. List the prime factors of b(s).
3
Let m = 9 + -4. Let z be 1 - 0 - 1 - 0. Suppose 4*q - 29 = -2*n + 1, z = n + m*q - 30. List the prime factors of n.
5
Suppose 4*i + 2*d = 3*d, -i + d - 3 = 0. Let z be (-2)/((0 + 1)*i). What are the prime factors of (-30)/((0 - -1)*z)?
3, 5
Let c(p) = -75*p**3 + p + 1. What are the prime factors of c(-1)?
3, 5
Let z be 3*3*2 + -2. Suppose 12*a = 3*a + 234. Let k = a - z. What are the prime factors of k?
2, 5
Let v be (-2 - -2)/(4 + -3) + 10. Let i = 0 - 0. Suppose -2*o = -v - i. What are the prime factors of o?
5
Let z = 47 - 15. List the prime factors of z.
2
Let f(d) = 2*d - 5. Let w(u) = 15*u - 35. Let t(r) = 20*f(r) - 3*w(r). List the prime factors of t(-6).
5, 7
Let k be -1 + 2 + (0 - -1). Suppose -3*q - k*q = -50. List the prime factors of q.
2, 5
Let g be -1 + 14 + (-5 - -2). List the prime factors of (g/(-3) + 1)*-6.
2, 7
Let g = 5 + -12. Let n = g - -17. List the prime factors of n.
2, 5
Let r = -6 - -10. List the prime factors of 106/r + 3/6.
3
Suppose 4*q + 69 = i, 5*q = i - 72 + 3. What are the prime factors of i?
3, 23
Let q(h) = -h**3 + h**2 + 3*h - 2. Let w be q(2). Suppose w = 5*u - 94 - 71. List the prime factors of u.
3, 11
Let b(k) = -10*k**3 - 3*k**2 - 5*k - 7. List the prime factors of b(-2).
71
Suppose -5*i + 63 + 1222 = 0. List the prime factors of i.
257
Let g(s) be the first derivative of -2 + 8/3*s**3 + 0*s + 0*s**2. List the prime factors of g(-1).
2
Let i = 49 + 122. What are the prime factors of i?
3, 19
Let a = 47 - -3. List the prime factors of a.
2, 5
Let y(q) = -14*q - 2. Let l be y(-3). Let n = l + -4. What are the prime factors of n?
2, 3
Let k(j) = j**3 + j + 1. Let w(r) = 6*r**3 - 7*r**2 - 2*r + 5. Let c(m) = -5*k(m) + w(m). Suppose 0 = -4*v + 10 + 22. What are the prime factors of c(v)?
2
Let s = -49 + 89. What are the prime factors of s?
2, 5
Let w = -17 - -20. Suppose -15 = w*g, z + 2*g - 51 = -18. List the prime factors of z.
43
What are the prime factors of 2246/10 - (-12)/30?
3, 5
Suppose 4*g + 16 = -40. Let k = g + 29. List the prime factors of (-12)/k*15/(-2).
2, 3
Suppose 47 = 4*m + 5*i, -i + 3*i = 5*m - 34. List the prime factors of m.
2
Let f be 2 + 4 + -7 + 7. Suppose -180 = -f*h + h. What are the prime factors of h?
2, 3
Let i(h) = 5*h + 5. List the prime factors of i(5).
2, 3, 5
Let r = 2 - -2. Let h be r/(-3) + 4/(-6). List the prime factors of (-3)/((h/3)/2).
3
Let d be 2/(-12) + (-374)/(-12). Let w be (-2)/(1 - -1) - -1. Suppose -4*z - 3 + d = w. List the prime factors of z.
7
Suppose -4*p + 0*p + 32 = 4*n, -p + 28 = 5*n. Let y be (2 + 1/(-2))*16. Suppose n*a = a + y. What are the prime factors of a?
2, 3
Let h(q) = -4*q**3 + q**3 - 3 + 5*q**2 + 2*q**3 - 2*q. Let x be h(5). Let b = -3 - x. What are the prime factors of b?
2, 5
Suppose 2*n - 2*x + 157 = 7*n, 145 = 5*n + 5*x. Let b = n + -17. What are the prime factors of b?
2
List the prime factors of -1*(3 - 2) + 23.
2, 11
Suppose m + 0*b = -5*b - 97, -2*b = 2*m + 154. What are the prime factors of m/(-4)*1/2?
3
Let j = -7 - 18. Let s = -13 - j. List the prime factors of (s/9)/(1/6).
2
What are the prime factors of (-6 - 6)/4*(-197)/3?
197
What are the prime factors of -1 + -2 - (14 + -151)?
2, 67
Suppose 3*y - 11 = -i, 5*i = i + y - 21. List the prime factors of (20 - 1) + i + 8.
23
Suppose 2*p = 2*m + 16, 0*m + m - 10 = -5*p. Let c = 7 - p. What are the prime factors of c?
2
Let l(p) = -4*p**3 + 2*p**2 - 5*p - 5. Let b(w) = -4*w**3 + 3*w**2 - 6*w - 6. Let q(y) = -5*b(y) + 6*l(y). What are the prime factors of q(-2)?
2, 5
Let f(y) = y + 25. Let 